{"id":3205,"date":"2018-11-16T15:57:52","date_gmt":"2018-11-16T14:57:52","guid":{"rendered":"https:\/\/www.pro-automation.eu\/?page_id=3205"},"modified":"2023-10-10T14:30:13","modified_gmt":"2023-10-10T12:30:13","slug":"twister","status":"publish","type":"page","link":"https:\/\/www.pro-automation.eu\/index.php\/twister\/","title":{"rendered":"Twister"},"content":{"rendered":"<p>[et_pb_section fb_built=&#8220;1&#8243; _builder_version=&#8220;4.19.4&#8243; _module_preset=&#8220;default&#8220; custom_margin=&#8220;20px||50px||false|false&#8220; hover_enabled=&#8220;0&#8243; global_colors_info=&#8220;{}&#8220; custom_margin_last_edited=&#8220;on|phone&#8220; custom_margin_phone=&#8220;-30px||50px||false|false&#8220; sticky_enabled=&#8220;0&#8243; custom_margin_tablet=&#8220;20px||50px||false|false&#8220;][et_pb_row _builder_version=&#8220;4.19.4&#8243; _module_preset=&#8220;default&#8220; global_colors_info=&#8220;{}&#8220;][et_pb_column type=&#8220;4_4&#8243; _builder_version=&#8220;4.19.4&#8243; _module_preset=&#8220;default&#8220; global_colors_info=&#8220;{}&#8220;][et_pb_text admin_label=&#8220;H1 &#8211; Industrielle Bildverarbeitung&#8220; _builder_version=&#8220;4.19.4&#8243; background_size=&#8220;initial&#8220; background_position=&#8220;top_left&#8220; background_repeat=&#8220;repeat&#8220; custom_padding=&#8220;15px||10px|15px|false|false&#8220; border_width_all=&#8220;1px&#8220; border_color_all=&#8220;#000000&#8243; use_border_color=&#8220;off&#8220; border_color=&#8220;#ffffff&#8220; border_style=&#8220;solid&#8220; locked=&#8220;off&#8220; global_colors_info=&#8220;{}&#8220;]<\/p>\n<h1>Twister<\/h1>\n<p>[\/et_pb_text][\/et_pb_column][\/et_pb_row][\/et_pb_section][et_pb_section fb_built=&#8220;1&#8243; admin_label=&#8220;section&#8220; _builder_version=&#8220;4.19.4&#8243; hover_enabled=&#8220;0&#8243; global_colors_info=&#8220;{}&#8220; custom_margin_last_edited=&#8220;on|phone&#8220; custom_margin_phone=&#8220;-150px||||false|false&#8220; custom_padding_last_edited=&#8220;on|phone&#8220; sticky_enabled=&#8220;0&#8243;][et_pb_row admin_label=&#8220;row&#8220; _builder_version=&#8220;4.19.4&#8243; background_size=&#8220;initial&#8220; background_position=&#8220;top_left&#8220; background_repeat=&#8220;repeat&#8220; custom_margin=&#8220;20px||||false|false&#8220; custom_padding=&#8220;16px|0px|25px|0px&#8220; box_shadow_style=&#8220;preset2&#8243; global_colors_info=&#8220;{}&#8220;][et_pb_column type=&#8220;4_4&#8243; _builder_version=&#8220;4.16&#8243; background_position=&#8220;top_left&#8220; custom_padding=&#8220;|||&#8220; global_colors_info=&#8220;{}&#8220; custom_padding__hover=&#8220;|||&#8220;][et_pb_divider show_divider=&#8220;off&#8220; disabled_on=&#8220;on|on|off&#8220; _builder_version=&#8220;4.16&#8243; height=&#8220;5px&#8220; hide_on_mobile=&#8220;on&#8220; global_colors_info=&#8220;{}&#8220;][\/et_pb_divider][et_pb_slider show_pagination=&#8220;off&#8220; show_content_on_mobile=&#8220;off&#8220; show_cta_on_mobile=&#8220;off&#8220; _builder_version=&#8220;4.19.4&#8243; body_font=&#8220;||||||||&#8220; background_color=&#8220;#ffffff&#8220; parallax=&#8220;on&#8220; custom_padding=&#8220;10px|0px|10px|0px&#8220; custom_padding_tablet=&#8220;|||&#8220; auto=&#8220;on&#8220; auto_speed=&#8220;5000&#8243; hover_enabled=&#8220;0&#8243; global_colors_info=&#8220;{}&#8220; button_text_size__hover_enabled=&#8220;off&#8220; button_one_text_size__hover_enabled=&#8220;off&#8220; button_two_text_size__hover_enabled=&#8220;off&#8220; button_text_color__hover_enabled=&#8220;off&#8220; button_one_text_color__hover_enabled=&#8220;off&#8220; button_two_text_color__hover_enabled=&#8220;off&#8220; button_border_width__hover_enabled=&#8220;off&#8220; button_one_border_width__hover_enabled=&#8220;off&#8220; button_two_border_width__hover_enabled=&#8220;off&#8220; button_border_color__hover_enabled=&#8220;off&#8220; button_one_border_color__hover_enabled=&#8220;off&#8220; button_two_border_color__hover_enabled=&#8220;off&#8220; button_border_radius__hover_enabled=&#8220;off&#8220; button_one_border_radius__hover_enabled=&#8220;off&#8220; button_two_border_radius__hover_enabled=&#8220;off&#8220; button_letter_spacing__hover_enabled=&#8220;off&#8220; button_one_letter_spacing__hover_enabled=&#8220;off&#8220; button_two_letter_spacing__hover_enabled=&#8220;off&#8220; button_bg_color__hover_enabled=&#8220;off&#8220; button_one_bg_color__hover_enabled=&#8220;off&#8220; button_two_bg_color__hover_enabled=&#8220;off&#8220; disabled_on=&#8220;on|off|off&#8220; sticky_enabled=&#8220;0&#8243;][et_pb_slide heading=&#8220;Twister. Drehmoment-Manipulator&#8220; image=&#8220;https:\/\/www.pro-automation.eu\/wp-content\/uploads\/2017\/11\/Lazy-Arm-3gr-1.jpg&#8220; use_bg_overlay=&#8220;off&#8220; use_text_overlay=&#8220;off&#8220; _builder_version=&#8220;4.19.4&#8243; header_font=&#8220;||||&#8220; header_text_align=&#8220;justify&#8220; header_font_size=&#8220;30&#8243; body_font=&#8220;||||||||&#8220; body_text_color=&#8220;#000000&#8243; body_font_size=&#8220;18px&#8220; button_on_hover=&#8220;on&#8220; text_orientation=&#8220;justified&#8220; background_layout=&#8220;light&#8220; header_font_size_tablet=&#8220;44&#8243; header_font_size_phone=&#8220;44&#8243; body_font_size_tablet=&#8220;17px&#8220; body_font_size_phone=&#8220;17px&#8220; global_colors_info=&#8220;{}&#8220; button_text_size__hover_enabled=&#8220;off&#8220; button_one_text_size__hover_enabled=&#8220;off&#8220; button_two_text_size__hover_enabled=&#8220;off&#8220; button_text_color__hover_enabled=&#8220;off&#8220; button_one_text_color__hover_enabled=&#8220;off&#8220; button_two_text_color__hover_enabled=&#8220;off&#8220; button_border_width__hover_enabled=&#8220;off&#8220; button_one_border_width__hover_enabled=&#8220;off&#8220; button_two_border_width__hover_enabled=&#8220;off&#8220; button_border_color__hover_enabled=&#8220;off&#8220; button_one_border_color__hover_enabled=&#8220;off&#8220; button_two_border_color__hover_enabled=&#8220;off&#8220; button_border_radius__hover_enabled=&#8220;off&#8220; button_one_border_radius__hover_enabled=&#8220;off&#8220; button_two_border_radius__hover_enabled=&#8220;off&#8220; button_letter_spacing__hover_enabled=&#8220;off&#8220; button_one_letter_spacing__hover_enabled=&#8220;off&#8220; button_two_letter_spacing__hover_enabled=&#8220;off&#8220; button_bg_color__hover_enabled=&#8220;off&#8220; button_one_bg_color__hover_enabled=&#8220;off&#8220; button_two_bg_color__hover_enabled=&#8220;off&#8220; sticky_transition=&#8220;on&#8220;]<\/p>\n<p style=\"text-align: left;\">Diese, auch als Lazy-Arm bekannte Applikation, ist ein vielseitges Talent in der Welt der Manipulatoren. Flexible Positionierung verbessert deutlich die Ergonomie der Anwendung und erm\u00f6glicht reproduzierbare Ergebnisse bei Montagearebeiten an der Linie.<\/p>\n<p>[\/et_pb_slide][et_pb_slide heading=&#8220;Drehmoment halten&#8220; image=&#8220;https:\/\/www.pro-automation.eu\/wp-content\/uploads\/2017\/11\/Twister-Manipulator.jpg&#8220; use_bg_overlay=&#8220;off&#8220; use_text_overlay=&#8220;off&#8220; _builder_version=&#8220;4.19.4&#8243; header_font=&#8220;||||&#8220; header_text_color=&#8220;#757575&#8243; header_font_size=&#8220;36px&#8220; body_font=&#8220;||||||||&#8220; body_text_color=&#8220;#000000&#8243; body_font_size=&#8220;18px&#8220; button_icon_placement=&#8220;right&#8220; button_on_hover=&#8220;on&#8220; background_layout=&#8220;light&#8220; global_colors_info=&#8220;{}&#8220; button_text_size__hover_enabled=&#8220;off&#8220; button_one_text_size__hover_enabled=&#8220;off&#8220; button_two_text_size__hover_enabled=&#8220;off&#8220; button_text_color__hover_enabled=&#8220;off&#8220; button_one_text_color__hover_enabled=&#8220;off&#8220; button_two_text_color__hover_enabled=&#8220;off&#8220; button_border_width__hover_enabled=&#8220;off&#8220; button_one_border_width__hover_enabled=&#8220;off&#8220; button_two_border_width__hover_enabled=&#8220;off&#8220; button_border_color__hover_enabled=&#8220;off&#8220; button_one_border_color__hover_enabled=&#8220;off&#8220; button_two_border_color__hover_enabled=&#8220;off&#8220; button_border_radius__hover_enabled=&#8220;off&#8220; button_one_border_radius__hover_enabled=&#8220;off&#8220; button_two_border_radius__hover_enabled=&#8220;off&#8220; button_letter_spacing__hover_enabled=&#8220;off&#8220; button_one_letter_spacing__hover_enabled=&#8220;off&#8220; button_two_letter_spacing__hover_enabled=&#8220;off&#8220; button_bg_color__hover_enabled=&#8220;off&#8220; button_one_bg_color__hover_enabled=&#8220;off&#8220; button_two_bg_color__hover_enabled=&#8220;off&#8220; sticky_transition=&#8220;on&#8220;]<\/p>\n<p>Geeignet f\u00fcr schraubtechnische Applikationen.<\/p>\n<p>[\/et_pb_slide][\/et_pb_slider][et_pb_divider show_divider=&#8220;off&#8220; disabled_on=&#8220;on|on|off&#8220; _builder_version=&#8220;4.16&#8243; height=&#8220;2px&#8220; hide_on_mobile=&#8220;on&#8220; global_colors_info=&#8220;{}&#8220;][\/et_pb_divider][et_pb_text admin_label=&#8220;Text BEschreibung von Twister&#8220; _builder_version=&#8220;4.19.4&#8243; text_font=&#8220;||||||||&#8220; text_text_color=&#8220;#000000&#8243; text_font_size=&#8220;18px&#8220; header_font=&#8220;||||||||&#8220; header_text_color=&#8220;#757575&#8243; header_2_text_color=&#8220;#A8A8A8&#8243; module_alignment=&#8220;center&#8220; custom_padding=&#8220;15px|15px|15px|15px&#8220; border_color_all=&#8220;#bcbcbc&#8220; use_border_color=&#8220;on&#8220; global_colors_info=&#8220;{}&#8220;]<\/p>\n<h2 style=\"text-align: left;\"><span style=\"color: #757575;\">Drehen unter Belastung<\/span><\/h2>\n<p style=\"text-align: left;\">Der Handling-Arm &#8222;Twister&#8220; hilft beim Tragen und genauem Positionieren der Lasten in schwierig erreichbaren Arbeitszonen, beim Halten der Werkzeuge und Heben von Bauteilen. Eine Besonderheit von &#8222;Twister&#8220; ist seine F\u00e4higkeit die Drehmomente in Schach zu halten. Dies macht ihn zu einem produktiven Handlingsger\u00e4t, und das nicht nur im Bereich der Schraubtechnik, sondern \u00fcberall, wo die Drehmomente zum Problem werden k\u00f6nnen. Kontrolliert und ergonomisch kippen, r\u00fchren, wenden, drehen &#8211; und dies sind nur einige Anwendungsm\u00f6glichkeiten f\u00fcr &#8222;Twister&#8220;.<\/p>\n<h2><span style=\"color: #757575;\">Wenig Platz f\u00fcr den Handling-Arm, viel Raum f\u00fcr den Job<\/span><\/h2>\n<p style=\"text-align: left;\">Der Twister steht nie im Weg. Je nach Bedarf kann der Schwenkarm auf eine S\u00e4ule montiert, an die Decke gehangen, an W\u00e4nde oder Schienen angebracht werden. F\u00fcr die Anwendungsgebiete, wie z.B. Montagelinien, bieten wir die mitfahrende Variante an. Besonderes bei \u00dcberkopf-arbeiten erweisen sich unsere Drehmomentarme als \u00fcberaus hilfreich.<\/p>\n<h2 style=\"text-align: left;\"><span style=\"color: #757575;\">Parallelogramm-Arm f\u00fcr eine gleichbleibende Lastausrichtung<\/span><\/h2>\n<p style=\"text-align: left;\">Manche Arbeitssituationen erfordern eine gleichbleibende Ausrichtung des Werkzeugs (z.B. Schrauber) oder der Traglast (wie z.B. ein offenes Fass mit Fl\u00fcssigkeit). Daf\u00fcr ist die Parallelogramm-Form des Schwenkarmes bestens geeignet. Dank dieser Konstruktion bleibt die definierte Achse, unabh\u00e4ngig von der Armposition, gleich ausgerichtet. Der Freiheitsgrad des am Arm angebrachten Werkzeugs kann \u00fcber verschiedene Werkzeugaufnahmen eingestellt werden.<\/p>\n<p>[\/et_pb_text][\/et_pb_column][\/et_pb_row][et_pb_row _builder_version=&#8220;4.16&#8243; background_size=&#8220;initial&#8220; background_position=&#8220;top_left&#8220; background_repeat=&#8220;repeat&#8220; global_colors_info=&#8220;{}&#8220;][et_pb_column type=&#8220;4_4&#8243; _builder_version=&#8220;4.16&#8243; custom_padding=&#8220;|||&#8220; global_colors_info=&#8220;{}&#8220; custom_padding__hover=&#8220;|||&#8220;][et_pb_divider show_divider=&#8220;off&#8220; disabled_on=&#8220;on|on|off&#8220; _builder_version=&#8220;4.16&#8243; height=&#8220;50px&#8220; hide_on_mobile=&#8220;on&#8220; global_colors_info=&#8220;{}&#8220;][\/et_pb_divider][\/et_pb_column][\/et_pb_row][et_pb_row _builder_version=&#8220;4.16&#8243; background_size=&#8220;initial&#8220; background_position=&#8220;top_left&#8220; background_repeat=&#8220;repeat&#8220; global_colors_info=&#8220;{}&#8220;][et_pb_column type=&#8220;4_4&#8243; _builder_version=&#8220;4.16&#8243; background_position=&#8220;top_left&#8220; custom_padding=&#8220;|||&#8220; global_colors_info=&#8220;{}&#8220; custom_padding__hover=&#8220;|||&#8220;][et_pb_text admin_label=&#8220;Text Basisvarianten des Arm-Manipulators &#8220; _builder_version=&#8220;4.16&#8243; text_font_size=&#8220;16&#8243; text_orientation=&#8220;center&#8220; module_alignment=&#8220;center&#8220; custom_padding=&#8220;10px||10px|&#8220; border_width_all=&#8220;2px&#8220; border_color_all=&#8220;#bcbcbc&#8220; box_shadow_style=&#8220;preset3&#8243; use_border_color=&#8220;on&#8220; global_colors_info=&#8220;{}&#8220;]<\/p>\n<h2><strong>Basisvarianten des Arm-Manipulators\u00a0<\/strong><\/h2>\n<p>Die ganze Produktpalette besteht aus sechs Standardvarianten. Je nach Kundenbedarf kann die Konstruktion angepasst oder ge\u00e4ndert werden. Hier die Standardausf\u00fchrungen.<br \/>\n[\/et_pb_text][et_pb_image src=&#8220;https:\/\/www.pro-automation.eu\/wp-content\/uploads\/2017\/10\/Manipulatoren-Tabelle-1.jpg&#8220; align=&#8220;center&#8220; align_tablet=&#8220;center&#8220; align_phone=&#8220;center&#8220; align_last_edited=&#8220;on|desktop&#8220; _builder_version=&#8220;4.16&#8243; animation_style=&#8220;slide&#8220; animation_direction=&#8220;left&#8220; animation_duration=&#8220;500ms&#8220; animation_intensity_slide=&#8220;10%&#8220; sticky=&#8220;off&#8220; global_colors_info=&#8220;{}&#8220;][\/et_pb_image][\/et_pb_column][\/et_pb_row][\/et_pb_section]<\/p>\n","protected":false},"excerpt":{"rendered":"<p>TwisterDiese, auch als Lazy-Arm bekannte Applikation, ist ein vielseitges Talent in der Welt der Manipulatoren. Flexible Positionierung verbessert deutlich die Ergonomie der Anwendung und erm\u00f6glicht reproduzierbare Ergebnisse bei Montagearebeiten an der Linie.Geeignet f\u00fcr schraubtechnische Applikationen.Drehen unter Belastung Der Handling-Arm &#8222;Twister&#8220; hilft beim Tragen und genauem Positionieren der Lasten in schwierig erreichbaren Arbeitszonen, beim Halten der [&hellip;]<\/p>\n","protected":false},"author":1,"featured_media":2344,"parent":0,"menu_order":0,"comment_status":"closed","ping_status":"closed","template":"","meta":{"_et_pb_use_builder":"on","_et_pb_old_content":"","_et_gb_content_width":"","footnotes":""},"class_list":["post-3205","page","type-page","status-publish","has-post-thumbnail","hentry"],"_links":{"self":[{"href":"https:\/\/www.pro-automation.eu\/index.php\/wp-json\/wp\/v2\/pages\/3205","targetHints":{"allow":["GET"]}}],"collection":[{"href":"https:\/\/www.pro-automation.eu\/index.php\/wp-json\/wp\/v2\/pages"}],"about":[{"href":"https:\/\/www.pro-automation.eu\/index.php\/wp-json\/wp\/v2\/types\/page"}],"author":[{"embeddable":true,"href":"https:\/\/www.pro-automation.eu\/index.php\/wp-json\/wp\/v2\/users\/1"}],"replies":[{"embeddable":true,"href":"https:\/\/www.pro-automation.eu\/index.php\/wp-json\/wp\/v2\/comments?post=3205"}],"version-history":[{"count":0,"href":"https:\/\/www.pro-automation.eu\/index.php\/wp-json\/wp\/v2\/pages\/3205\/revisions"}],"wp:featuredmedia":[{"embeddable":true,"href":"https:\/\/www.pro-automation.eu\/index.php\/wp-json\/wp\/v2\/media\/2344"}],"wp:attachment":[{"href":"https:\/\/www.pro-automation.eu\/index.php\/wp-json\/wp\/v2\/media?parent=3205"}],"curies":[{"name":"wp","href":"https:\/\/api.w.org\/{rel}","templated":true}]}}