{"id":961,"date":"2016-07-02T13:37:50","date_gmt":"2016-07-02T11:37:50","guid":{"rendered":"https:\/\/www.pro-automation.eu\/?page_id=961"},"modified":"2024-08-16T11:13:40","modified_gmt":"2024-08-16T09:13:40","slug":"impressum","status":"publish","type":"page","link":"https:\/\/www.pro-automation.eu\/index.php\/impressum\/","title":{"rendered":"Impressum"},"content":{"rendered":"<p>[et_pb_section fb_built=&#8220;1&#8243; admin_label=&#8220;section&#8220; _builder_version=&#8220;4.16&#8243; global_colors_info=&#8220;{}&#8220;][et_pb_row admin_label=&#8220;row&#8220; _builder_version=&#8220;4.16&#8243; background_size=&#8220;initial&#8220; background_position=&#8220;top_left&#8220; background_repeat=&#8220;repeat&#8220; global_colors_info=&#8220;{}&#8220;][et_pb_column type=&#8220;4_4&#8243; _builder_version=&#8220;4.16&#8243; custom_padding=&#8220;|||&#8220; global_colors_info=&#8220;{}&#8220; custom_padding__hover=&#8220;|||&#8220;][et_pb_divider _builder_version=&#8220;4.19.4&#8243; _module_preset=&#8220;default&#8220; global_colors_info=&#8220;{}&#8220;][\/et_pb_divider][et_pb_text _builder_version=&#8220;4.19.4&#8243; _module_preset=&#8220;default&#8220; text_font_size=&#8220;18px&#8220; header_2_text_color=&#8220;#111111&#8243; global_colors_info=&#8220;{}&#8220;]<\/p>\n<h1>Impressum<\/h1>\n<p>Pro Automation GmbH<\/p>\n<p>Walter-Meckauer-Stra\u00dfe 33a<\/p>\n<p>51067 K\u00f6ln<\/p>\n<p>Handelsregister: HRB 50577<\/p>\n<p>Registergericht: Amtsgericht K\u00f6ln<\/p>\n<p><strong>Vertreten durch:<\/strong><\/p>\n<p>Volker Thierjung<\/p>\n<h2><\/h2>\n<h2>Kontakt<\/h2>\n<p>Telefon: +49 0221 406461 60<\/p>\n<p>Telefax: +49 0221 406461 64<\/p>\n<p>E-Mail: Volker.Thierjung@Pro-Automation.eu<\/p>\n<h2><\/h2>\n<h2>Umsatzsteuer-ID<\/h2>\n<p>Umsatzsteuer-Identifikationsnummer gem\u00e4\u00df \u00a7 27 a Umsatzsteuergesetz:<\/p>\n<p>DE227001266<\/p>\n<h2>Redaktionell verantwortlich<\/h2>\n<p>Volker Thierjung<\/p>\n<h2>Verbraucher\u00adstreit\u00adbeilegung\/Universal\u00adschlichtungs\u00adstelle<\/h2>\n<p>Wir sind nicht bereit oder verpflichtet, an Streitbeilegungsverfahren vor einer Verbraucherschlichtungsstelle teilzunehmen.<\/p>\n<p>[\/et_pb_text][et_pb_divider show_divider=&#8220;off&#8220; disabled_on=&#8220;on|on|off&#8220; _builder_version=&#8220;4.19.4&#8243; height=&#8220;25px&#8220; hide_on_mobile=&#8220;on&#8220; global_colors_info=&#8220;{}&#8220;][\/et_pb_divider][et_pb_text _builder_version=&#8220;4.16&#8243; _module_preset=&#8220;default&#8220; text_font_size=&#8220;18px&#8220; header_2_text_color=&#8220;#111111&#8243; global_colors_info=&#8220;{}&#8220;]<\/p>\n<h2>Quellenangaben f\u00fcr die verwendeten Bilder und Grafiken<\/h2>\n<p>\u00a9 adam121 &#8211; Fotolia<br \/>\n\u00a9 blankstock &#8211; Fotolia<br \/>\n\u00a9 kras99 &#8211; Fotolia<br \/>\n\u00a9 Kucherskyy &#8211; Agentur &#8222;Special Content&#8220;<\/p>\n<p>&nbsp;<\/p>\n<p>&nbsp;<\/p>\n<p>&nbsp;[\/et_pb_text][et_pb_divider show_divider=&#8220;off&#8220; disabled_on=&#8220;on|on|off&#8220; _builder_version=&#8220;4.16&#8243; height=&#8220;70px&#8220; hide_on_mobile=&#8220;on&#8220; global_colors_info=&#8220;{}&#8220;][\/et_pb_divider][\/et_pb_column][\/et_pb_row][\/et_pb_section]<\/p>\n","protected":false},"excerpt":{"rendered":"<p>Impressum Pro Automation GmbH Walter-Meckauer-Stra\u00dfe 33a 51067 K\u00f6ln Handelsregister: HRB 50577 Registergericht: Amtsgericht K\u00f6ln Vertreten durch: Volker Thierjung Kontakt Telefon: +49 0221 406461 60 Telefax: +49 0221 406461 64 E-Mail: Volker.Thierjung@Pro-Automation.eu Umsatzsteuer-ID Umsatzsteuer-Identifikationsnummer gem\u00e4\u00df \u00a7 27 a Umsatzsteuergesetz: DE227001266 Redaktionell verantwortlich Volker Thierjung Verbraucher\u00adstreit\u00adbeilegung\/Universal\u00adschlichtungs\u00adstelle Wir sind nicht bereit oder verpflichtet, an Streitbeilegungsverfahren vor einer Verbraucherschlichtungsstelle [&hellip;]<\/p>\n","protected":false},"author":1,"featured_media":0,"parent":0,"menu_order":0,"comment_status":"closed","ping_status":"closed","template":"","meta":{"_et_pb_use_builder":"on","_et_pb_old_content":"","_et_gb_content_width":"","footnotes":""},"class_list":["post-961","page","type-page","status-publish","hentry"],"_links":{"self":[{"href":"https:\/\/www.pro-automation.eu\/index.php\/wp-json\/wp\/v2\/pages\/961","targetHints":{"allow":["GET"]}}],"collection":[{"href":"https:\/\/www.pro-automation.eu\/index.php\/wp-json\/wp\/v2\/pages"}],"about":[{"href":"https:\/\/www.pro-automation.eu\/index.php\/wp-json\/wp\/v2\/types\/page"}],"author":[{"embeddable":true,"href":"https:\/\/www.pro-automation.eu\/index.php\/wp-json\/wp\/v2\/users\/1"}],"replies":[{"embeddable":true,"href":"https:\/\/www.pro-automation.eu\/index.php\/wp-json\/wp\/v2\/comments?post=961"}],"version-history":[{"count":0,"href":"https:\/\/www.pro-automation.eu\/index.php\/wp-json\/wp\/v2\/pages\/961\/revisions"}],"wp:attachment":[{"href":"https:\/\/www.pro-automation.eu\/index.php\/wp-json\/wp\/v2\/media?parent=961"}],"curies":[{"name":"wp","href":"https:\/\/api.w.org\/{rel}","templated":true}]}}